{"id":660,"date":"2019-05-29T15:08:24","date_gmt":"2019-05-29T13:08:24","guid":{"rendered":"http:\/\/www.tc-weier.de\/cms\/?page_id=660"},"modified":"2024-03-26T18:12:57","modified_gmt":"2024-03-26T17:12:57","slug":"clubhaus","status":"publish","type":"page","link":"https:\/\/www.tc-weier.de\/cms\/verein\/clubhaus\/","title":{"rendered":"Clubhaus"},"content":{"rendered":"<p><strong><img loading=\"lazy\" decoding=\"async\" src=\"https:\/\/www.tc-weier.de\/cms\/wp-content\/uploads\/2024\/03\/IMG_0448-2-225x300.jpg\" alt=\"\" width=\"225\" height=\"300\" class=\"aligncenter size-medium wp-image-5137\" srcset=\"https:\/\/www.tc-weier.de\/cms\/wp-content\/uploads\/2024\/03\/IMG_0448-2-225x300.jpg 225w, https:\/\/www.tc-weier.de\/cms\/wp-content\/uploads\/2024\/03\/IMG_0448-2-768x1024.jpg 768w, https:\/\/www.tc-weier.de\/cms\/wp-content\/uploads\/2024\/03\/IMG_0448-2-1152x1536.jpg 1152w, https:\/\/www.tc-weier.de\/cms\/wp-content\/uploads\/2024\/03\/IMG_0448-2-1536x2048.jpg 1536w, https:\/\/www.tc-weier.de\/cms\/wp-content\/uploads\/2024\/03\/IMG_0448-2-scaled.jpg 1920w\" sizes=\"auto, (max-width: 225px) 100vw, 225px\" \/>Genie\u00dfen &amp; feiern beim TC Weier<\/strong><\/p>\n<p>Gerne begr\u00fc\u00dfen wir Sie in unserem Clubhaus auf der Platzanlage des Tennisclub Weier e.V.&nbsp; Auch Nichtmitgliedern wird die Gelegenheit geboten, sich bei moderaten Preisen zu erfrischen, gem\u00fctlich beisammen zu sitzen und sich f\u00fcr den Tennissport zu begeistern. Auf der ganzt\u00e4gig sonnenverw\u00f6hnten Au\u00dfenterrasse l\u00e4sst sich der Feierabend zum Urlaubstag machen.&nbsp;<\/p>\n<p>F\u00fcr alle Mitglieder und Tennisfreunde bietet unser Tennis Club Donnerstags ab 18:00 Uhr einen Stammtisch an, wo uns unsere Clubhaus-Wirte mit leckerem Essen und Getr\u00e4nken verw\u00f6hnen.<\/p>\n<p><strong>\u00dcber die ganze Saison au\u00dfer an den Medienspielen (von Januar bis Dezember) besteht die M\u00f6glichkeit das Clubhaus f\u00fcr private Feiern zu mieten.&nbsp;&nbsp;<\/strong><\/p>\n<p><strong>Das bietet unser Clubhaus&nbsp;<\/strong><\/p>\n<ul>\n<li>Sehr gute Lage am Sportpark abgelegen vom Wohngebiet<\/li>\n<li>Gro\u00dfer Raum mit Platz f\u00fcr 40-50 Personen<\/li>\n<li>Nebenzimmer zus\u00e4tzlich z.B. f\u00fcr Buffets nutzbar<\/li>\n<li>Sch\u00f6ne Theke mit Barbestuhlung, mehrere K\u00fchlschr\u00e4nke, Kaffeemaschine, Gl\u00e4ser, Sp\u00fclmaschine<\/li>\n<li>K\u00fcche mit Sp\u00fclmaschine, Herd, Backofen, K\u00fchlschrank, Microwelle<\/li>\n<li>Geschirr und Gl\u00e4ser f\u00fcr ca. 60 Personen<\/li>\n<li>M\u00f6blierte Terrassenfl\u00e4che, teilweise \u00fcberdacht<\/li>\n<li>Gro\u00dfe Anzahl an Parkpl\u00e4tzen<\/li>\n<li>Mietpreis auf Anfrage bei allen Vorstandsmitgliedern<\/li>\n<\/ul>\n<p><img loading=\"lazy\" decoding=\"async\" class=\"alignnone wp-image-1311 size-medium\" src=\"http:\/\/www.tc-weier.de\/cms\/wp-content\/uploads\/2019\/06\/clubhaus_001-300x225.jpg\" alt=\"\" width=\"300\" height=\"225\" srcset=\"https:\/\/www.tc-weier.de\/cms\/wp-content\/uploads\/2019\/06\/clubhaus_001-300x225.jpg 300w, https:\/\/www.tc-weier.de\/cms\/wp-content\/uploads\/2019\/06\/clubhaus_001-768x576.jpg 768w, https:\/\/www.tc-weier.de\/cms\/wp-content\/uploads\/2019\/06\/clubhaus_001.jpg 1024w\" sizes=\"auto, (max-width: 300px) 100vw, 300px\" \/> &nbsp;<\/p>\n<div id=\"footable_parent_1213\"\n         class=\" footable_parent ninja_table_wrapper loading_ninja_table wp_table_data_press_parent semantic_ui \">\n                        <div\n                class=\"table_description footable_description\"><h6>\u00d6ffnungszeiten<\/h6><\/div>\n                    <table data-ninja_table_instance=\"ninja_table_instance_0\" data-footable_id=\"1213\" data-filter-delay=\"1000\" aria-label=\"\u00d6ffnungszeiten Clubhaus\"            id=\"footable_1213\"\n           data-unique_identifier=\"ninja_table_unique_id_3676571270_1213\"\n           class=\" foo-table ninja_footable foo_table_1213 ninja_table_unique_id_3676571270_1213 ui table  nt_type_ajax_table celled striped vertical_centered  footable-paging-right ninja_table_search_disabled\">\n                <colgroup>\n                            <col class=\"ninja_column_0 \">\n                            <col class=\"ninja_column_1 \">\n                    <\/colgroup>\n            <\/table>\n    \n    \n    \n<\/div>\n\n<p><strong>Kontakt:<\/strong><\/p>\n<p>Telefon: +491712776869<\/p>\n<p>Mail: <a href=\"mailto:tc-weier@gmx.de\">tc-weier@gmx.de<\/a>&nbsp;<\/p>\n","protected":false},"excerpt":{"rendered":"<p>Genie\u00dfen &amp; feiern beim TC Weier Gerne begr\u00fc\u00dfen wir Sie in unserem Clubhaus auf der Platzanlage des Tennisclub Weier e.V.&nbsp; Auch Nichtmitgliedern wird die Gelegenheit geboten, sich bei moderaten Preisen zu erfrischen, gem\u00fctlich beisammen zu sitzen und sich f\u00fcr den Tennissport zu begeistern. Auf der ganzt\u00e4gig sonnenverw\u00f6hnten Au\u00dfenterrasse l\u00e4sst sich [&hellip;]<\/p>\n","protected":false},"author":1,"featured_media":5128,"parent":365,"menu_order":55,"comment_status":"closed","ping_status":"closed","template":"","meta":{"ngg_post_thumbnail":0,"_themeisle_gutenberg_block_has_review":false,"footnotes":""},"class_list":["post-660","page","type-page","status-publish","has-post-thumbnail","hentry"],"_links":{"self":[{"href":"https:\/\/www.tc-weier.de\/cms\/wp-json\/wp\/v2\/pages\/660","targetHints":{"allow":["GET"]}}],"collection":[{"href":"https:\/\/www.tc-weier.de\/cms\/wp-json\/wp\/v2\/pages"}],"about":[{"href":"https:\/\/www.tc-weier.de\/cms\/wp-json\/wp\/v2\/types\/page"}],"author":[{"embeddable":true,"href":"https:\/\/www.tc-weier.de\/cms\/wp-json\/wp\/v2\/users\/1"}],"replies":[{"embeddable":true,"href":"https:\/\/www.tc-weier.de\/cms\/wp-json\/wp\/v2\/comments?post=660"}],"version-history":[{"count":0,"href":"https:\/\/www.tc-weier.de\/cms\/wp-json\/wp\/v2\/pages\/660\/revisions"}],"up":[{"embeddable":true,"href":"https:\/\/www.tc-weier.de\/cms\/wp-json\/wp\/v2\/pages\/365"}],"wp:featuredmedia":[{"embeddable":true,"href":"https:\/\/www.tc-weier.de\/cms\/wp-json\/wp\/v2\/media\/5128"}],"wp:attachment":[{"href":"https:\/\/www.tc-weier.de\/cms\/wp-json\/wp\/v2\/media?parent=660"}],"curies":[{"name":"wp","href":"https:\/\/api.w.org\/{rel}","templated":true}]}}