{"id":3341,"date":"2021-02-15T19:28:52","date_gmt":"2021-02-15T18:28:52","guid":{"rendered":"https:\/\/www.tc-weier.de\/cms\/?page_id=3341"},"modified":"2021-09-05T17:30:05","modified_gmt":"2021-09-05T15:30:05","slug":"aufnahmeantrag_foerderverein","status":"publish","type":"page","link":"https:\/\/www.tc-weier.de\/cms\/foerderverein\/aufnahmeantrag_foerderverein\/","title":{"rendered":"Aufnahmeantrag \/ Datenschutzerkl\u00e4rung"},"content":{"rendered":"<p>Wir freuen uns, dass du Interesse an unserem F\u00f6rderverein hast.<\/p>\n<p>Auf dieser Seite kannst du den Aufnahmeantrag sowie unsere Datenschutzerkl\u00e4rung herunterladen (<em>einfach auf das jeweilige PDF-Symbol klicken<\/em>). Bitte gib den Aufnahmeantrag vollst\u00e4ndig ausgef\u00fcllt bei einem Vorstandsmitglied ab. Am einfachsten triffst Du uns w\u00e4hrend den Trainingszeiten oder jeden Donnerstag ab 18:00 Uhr im Clubhaus.<\/p>\n<p><a href=\"https:\/\/www.tc-weier.de\/cms\/wp-content\/uploads\/2021\/02\/aufnahmeantrag_foerderverein.pdf\" rel=\"noopener noreferrer\" target=\"_blank\"><img loading=\"lazy\" decoding=\"async\" src=\"http:\/\/www.tc-weier.de\/cms\/wp-content\/uploads\/2019\/05\/pdf.png\" alt=\"\" class=\"alignnone\" width=\"49\" height=\"60\"><\/a><br \/>\n<strong>Aufnahmeantrag<\/strong><\/p>\n<p><a href=\"https:\/\/www.tc-weier.de\/cms\/wp-content\/uploads\/2021\/02\/datenschutzerklaerung_foerderverein.pdf\" rel=\"noopener noreferrer\" target=\"_blank\"><img loading=\"lazy\" decoding=\"async\" src=\"http:\/\/www.tc-weier.de\/cms\/wp-content\/uploads\/2019\/05\/pdf.png\" alt=\"\" class=\"alignnone\" width=\"49\" height=\"60\"><\/a><br \/>\n<strong>Datenschutzerkl\u00e4rung<\/strong><\/p>\n","protected":false},"excerpt":{"rendered":"<p>Wir freuen uns, dass du Interesse an unserem F\u00f6rderverein hast. Auf dieser Seite kannst du den Aufnahmeantrag sowie unsere Datenschutzerkl\u00e4rung herunterladen (einfach auf das jeweilige PDF-Symbol klicken). Bitte gib den Aufnahmeantrag vollst\u00e4ndig ausgef\u00fcllt bei einem Vorstandsmitglied ab. Am einfachsten triffst Du uns w\u00e4hrend den Trainingszeiten oder jeden Donnerstag ab 18:00 [&hellip;]<\/p>\n","protected":false},"author":1,"featured_media":0,"parent":3332,"menu_order":0,"comment_status":"closed","ping_status":"closed","template":"","meta":{"ngg_post_thumbnail":0,"_themeisle_gutenberg_block_has_review":false,"footnotes":""},"class_list":["post-3341","page","type-page","status-publish","hentry"],"_links":{"self":[{"href":"https:\/\/www.tc-weier.de\/cms\/wp-json\/wp\/v2\/pages\/3341","targetHints":{"allow":["GET"]}}],"collection":[{"href":"https:\/\/www.tc-weier.de\/cms\/wp-json\/wp\/v2\/pages"}],"about":[{"href":"https:\/\/www.tc-weier.de\/cms\/wp-json\/wp\/v2\/types\/page"}],"author":[{"embeddable":true,"href":"https:\/\/www.tc-weier.de\/cms\/wp-json\/wp\/v2\/users\/1"}],"replies":[{"embeddable":true,"href":"https:\/\/www.tc-weier.de\/cms\/wp-json\/wp\/v2\/comments?post=3341"}],"version-history":[{"count":0,"href":"https:\/\/www.tc-weier.de\/cms\/wp-json\/wp\/v2\/pages\/3341\/revisions"}],"up":[{"embeddable":true,"href":"https:\/\/www.tc-weier.de\/cms\/wp-json\/wp\/v2\/pages\/3332"}],"wp:attachment":[{"href":"https:\/\/www.tc-weier.de\/cms\/wp-json\/wp\/v2\/media?parent=3341"}],"curies":[{"name":"wp","href":"https:\/\/api.w.org\/{rel}","templated":true}]}}